1?
50
What is the remainder when 181 is divided by 43?
9
What is the remainder when 145 is divided by 113?
32
What is the remainder when 270 is divided by 23?
17
Calculate the remainder when 1138 is divided by 7.
4
What is the remainder when 159 is divided by 30?
9
Calculate the remainder when 65 is divided by 61.
4
What is the remainder when 8057 is divided by 51?
50
What is the remainder when 66 is divided by 19?
9
What is the remainder when 3216 is divided by 26?
18
Calculate the remainder when 414 is divided by 403.
11
What is the remainder when 1220 is divided by 245?
240
Calculate the remainder when 385 is divided by 22.
11
What is the remainder when 198 is divided by 24?
6
What is the remainder when 780 is divided by 251?
27
Calculate the remainder when 351 is divided by 71.
67
What is the remainder when 143 is divided by 142?
1
Calculate the remainder when 85 is divided by 3.
1
What is the remainder when 588 is divided by 10?
8
What is the remainder when 7926 is divided by 989?
14
What is the remainder when 334 is divided by 53?
16
What is the remainder when 152 is divided by 79?
73
Calculate the remainder when 749 is divided by 248.
5
Calculate the remainder when 125 is divided by 27.
17
Calculate the remainder when 1041 is divided by 29.
26
Calculate the remainder when 208 is divided by 24.
16
Calculate the remainder when 15 is divided by 1.
0
What is the remainder when 636 is divided by 9?
6
Calculate the remainder when 189 is divided by 44.
13
What is the remainder when 1864 is divided by 22?
16
Calculate the remainder when 1944 is divided by 33.
30
What is the remainder when 254 is divided by 65?
59
What is the remainder when 1565 is divided by 32?
29
Calculate the remainder when 59 is divided by 30.
29
What is the remainder when 5702 is divided by 27?
5
Calculate the remainder when 153 is divided by 34.
17
What is the remainder when 110 is divided by 8?
6
What is the remainder when 1940 is divided by 8?
4
Calculate the remainder when 666 is divided by 664.
2
What is the remainder when 392 is divided by 192?
8
What is the remainder when 14192 is divided by 19?
18
Calculate the remainder when 154 is divided by 54.
46
Calculate the remainder when 1720 is divided by 434.
418
Calculate the remainder when 247 is divided by 50.
47
What is the remainder when 142 is divided by 25?
17
What is the remainder when 837 is divided by 29?
25
What is the remainder when 2723 is divided by 70?
63
What is the remainder when 476 is divided by 12?
8
What is the remainder when 138 is divided by 41?
15
What is the remainder when 2 is divided by 1?
0
Calculate the remainder when 1040 is divided by 74.
4
What is the remainder when 484 is divided by 63?
43
What is the remainder when 406 is divided by 388?
18
What is the remainder when 1517 is divided by 17?
4
What is the remainder when 621 is divided by 135?
81
Calculate the remainder when 923 is divided by 303.
14
Calculate the remainder when 2453 is divided by 63.
59
What is the remainder when 446 is divided by 18?
14
Calculate the remainder when 206 is divided by 40.
6
What is the remainder when 490 is divided by 71?
64
Calculate the remainder when 447 is divided by 11.
7
What is the remainder when 2234 is divided by 118?
110
Calculate the remainder when 878 is divided by 5.
3
Calculate the remainder when 4178 is divided by 110.
108
Calculate the remainder when 12817 is divided by 34.
33
Calculate the remainder when 712 is divided by 119.
117
What is the remainder when 240 is divided by 11?
9
Calculate the remainder when 26 is divided by 9.
8
Calculate the remainder when 168 is divided by 6.
0
Calculate the remainder when 39497 is divided by 50.
47
What is the remainder when 1494 is divided by 44?
42
Calculate the remainder when 1933 is divided by 45.
43
What is the remainder when 3574 is divided by 73?
70
Calculate the remainder when 141 is divided by 13.
11
Calculate the remainder when 68 is divided by 37.
31
What is the remainder when 1806 is divided by 11?
2
What is the remainder when 276 is divided by 65?
16
What is the remainder when 10150 is divided by 94?
92
What is the remainder when 266 is divided by 39?
32
What is the remainder when 312 is divided by 21?
18
Calculate the remainder when 247 is divided by 141.
106
Calculate the remainder when 475 is divided by 57.
19
What is the remainder when 732 is divided by 15?
12
Calculate the remainder when 805 is divided by 8.
5
What is the remainder when 5597 is divided by 4?
1
What is the remainder when 5852 is divided by 122?
118
What is the remainder when 638 is divided by 24?
14
What is the remainder when 330 is divided by 135?
60
What is the remainder when 32318 is divided by 243?
242
What is the remainder when 447 is divided by 442?
5
What is the remainder when 817 is divided by 18?
7
Calculate the remainder when 138 is divided by 9.
3
Calculate the remainder when 90 is divided by 31.
28
What is the remainder when 599 is divided by 28?
11
What is the remainder when 349 is divided by 89?
82
Calculate the remainder when 289 is divided by 132.
25
What is the remainder when 290 is divided by 76?
62
What is the remainder when 153 is divided by 25?
3
Calculate the remainder when 6247 is divided by 44.
43
Calculate the remainder when 109 is divided by 104.
5
Calculate the remainder when 36 is divided by 13.
10
Calculate the remainder when 3482 is divided by 3471.
11
Calculate the remainder when 103 is divided by 27.
22
What is the remainder when 139 is divided by 61?
17
Calculate the remainder when 1023 is divided by 46.
11
What is the remainder when 1222 is divided by 35?
32
Calculate the remainder when 1572 is divided by 15.
12
Calculate the remainder when 8274 is divided by 20.
14
Calculate the remainder when 173 is divided by 61.
51
What is the remainder when 331 is divided by 37?
35
Calculate the remainder when 97 is divided by 42.
13
What is the remainder when 381 is divided by 40?
21
Calculate the remainder when 2561 is divided by 45.
41
Calculate the remainder when 47639 is divided by 41.
38
Calculate the remainder when 2103 is divided by 260.
23
Calculate the remainder when 3249 is divided by 1078.
15
What is the remainder when 54 is divided by 14?
12
Calculate the remainder when 7300 is divided by 228.
4
What is the remainder when 729 is divided by 163?
77
Calculate the remainder when 499 is divided by 181.
137
What is the remainder when 1272 is divided by 30?
12
What is the remainder when 56 is divided by 40?
16
What is the remainder when 14483 is divided by 34?
33
Calculate the remainder when 17 is divided by 7.
3
Calculate the remainder when 326 is divided by 101.
23
What is the remainder when 111 is divided by 104?
7
What is the remainder when 3717 is divided by 20?
17
What is the remainder when 540 is divided by 8?
4
Calculate the remainder when 27 is divided by 14.
13
What is the remainder when 106 is divided by 40?
26
Calculate the remainder when 89 is divided by 50.
39
Calculate the remainder when 439 is divided by 74.
69
What is the remainder when 5918 is divided by 148?
146
What is the remainder when 83 is divided by 27?
2
What is the remainder when 498 is divided by 240?
18
Calculate the remainder when 186 is divided by 27.
24
What is the remainder when 681 is divided by 131?
26
Calculate the remainder when 196 is divided by 23.
12
Calculate the remainder when 156 is divided by 43.
27
What is the remainder when 418 is divided by 418?
0
What is the remainder when 29 is divided by 29?
0
What is the remainder when 8172 is divided by 282?
276
What is the remainder when 597 is divided by 10?
7
Calculate the remainder when 81 is divided by 13.
3
Calculate the remainder when 11091 is divided by 94.
93
Calculate the remainder when 58 is divided by 53.
5
Calculate the remainder when 1149 is divided by 380.
9
What is the remainder when 171 is divided by 58?
55
What is the remainder when 3902 is divided by 93?
89
Calculate the remainder when 96 is divided by 27.
15
Calculate the remainder when 291 is divided by 73.
72
What is the remainder when 159 is divided by 44?
27
Calculate the remainder when 519 is divided by 18.
15
Calculate the remainder when 1393 is divided by 31.
29
Calculate the remainder when 748 is divided by 360.
28
Calculate